is the units digit of 17524884?
4
What is the units digit of 21775?
5
What is the hundreds digit of 356744?
7
What is the thousands digit of 10627355?
7
What is the tens digit of 817628?
2
What is the hundred thousands digit of 612849?
6
What is the tens digit of 129535?
3
What is the thousands digit of 1047382?
7
What is the ten thousands digit of 3526126?
2
What is the tens digit of 2336168?
6
What is the ten millions digit of 20181573?
2
What is the millions digit of 2745454?
2
What is the ten thousands digit of 226231?
2
What is the ten thousands digit of 542588?
4
What is the hundreds digit of 760280?
2
What is the millions digit of 3460815?
3
What is the ten thousands digit of 3020579?
2
What is the hundred thousands digit of 140527?
1
What is the ten millions digit of 10329557?
1
What is the ten thousands digit of 298662?
9
What is the tens digit of 14312351?
5
What is the ten millions digit of 14782718?
1
What is the hundreds digit of 4491072?
0
What is the hundred thousands digit of 21375196?
3
What is the hundred thousands digit of 1753971?
7
What is the ten thousands digit of 3716508?
1
What is the hundred thousands digit of 281920?
2
What is the units digit of 311152?
2
What is the millions digit of 17979016?
7
What is the ten thousands digit of 761168?
6
What is the thousands digit of 9804073?
4
What is the tens digit of 453968?
6
What is the hundreds digit of 4356135?
1
What is the hundreds digit of 70598?
5
What is the units digit of 13113668?
8
What is the hundred thousands digit of 12024685?
0
What is the ten thousands digit of 117356?
1
What is the tens digit of 541328?
2
What is the millions digit of 7868459?
7
What is the millions digit of 1541451?
1
What is the units digit of 2224981?
1
What is the ten thousands digit of 8662814?
6
What is the hundred thousands digit of 14749896?
7
What is the millions digit of 4285674?
4
What is the tens digit of 1024570?
7
What is the units digit of 1471856?
6
What is the tens digit of 104207?
0
What is the millions digit of 3144154?
3
What is the ten thousands digit of 218583?
1
What is the units digit of 1741740?
0
What is the tens digit of 528270?
7
What is the units digit of 882924?
4
What is the units digit of 980771?
1
What is the thousands digit of 5386074?
6
What is the thousands digit of 428291?
8
What is the units digit of 935034?
4
What is the millions digit of 4892932?
4
What is the tens digit of 207453?
5
What is the hundred thousands digit of 20299048?
2
What is the units digit of 1259727?
7
What is the thousands digit of 328613?
8
What is the ten millions digit of 14037533?
1
What is the hundreds digit of 4403689?
6
What is the thousands digit of 459829?
9
What is the thousands digit of 844614?
4
What is the thousands digit of 1359819?
9
What is the thousands digit of 17405602?
5
What is the millions digit of 1165108?
1
What is the tens digit of 2263283?
8
What is the millions digit of 35268695?
5
What is the millions digit of 4517183?
4
What is the hundreds digit of 14430395?
3
What is the tens digit of 970675?
7
What is the tens digit of 763974?
7
What is the ten thousands digit of 1988725?
8
What is the tens digit of 27731?
3
What is the ten thousands digit of 177495?
7
What is the tens digit of 9035143?
4
What is the hundreds digit of 5345676?
6
What is the millions digit of 6541952?
6
What is the thousands digit of 12374560?
4
What is the hundred thousands digit of 5460020?
4
What is the units digit of 15218126?
6
What is the thousands digit of 819665?
9
What is the ten thousands digit of 181966?
8
What is the thousands digit of 1041829?
1
What is the hundreds digit of 24280973?
9
What is the ten thousands digit of 89357?
8
What is the tens digit of 515888?
8
What is the thousands digit of 2326896?
6
What is the thousands digit of 96740?
6
What is the thousands digit of 490070?
0
What is the thousands digit of 110322?
0
What is the units digit of 82281?
1
What is the tens digit of 389490?
9
What is the hundreds digit of 33382655?
6
What is the hundred thousands digit of 172951?
1
What is the thousands digit of 357814?
7
What is the hundreds digit of 205113?
1
What is the hundreds digit of 433484?
4
What is the hundred thousands digit of 523939?
5
What is the hundreds digit of 1616843?
8
What is the hundred thousands digit of 978810?
9
What is the hundreds digit of 95327?
3
What is the thousands digit of 631825?
1
What is the hundreds digit of 1994635?
6
What is the tens digit of 43433?
3
What is the hundred thousands digit of 7426107?
4
What is the hundreds digit of 1616251?
2
What is the units digit of 2834105?
5
What is the ten thousands digit of 2965912?
6
What is the units digit of 102288?
8
What is the thousands digit of 6855343?
5
What is the hundred thousands digit of 12941533?
9
What is the tens digit of 181530?
3
What is the hundred thousands digit of 587548?
5
What is the thousands digit of 351164?
1
What is the units digit of 624690?
0
What is the hundred thousands digit of 519853?
5
What is the ten thousands digit of 61767?
6
What is the tens digit of 1298364?
6
What is the thousands digit of 1017405?
7
What is the hundreds digit of 449815?
8
What is the hundreds digit of 660687?
6
What is the millions digit of 23991966?
3
What is the tens digit of 27196623?
2
What is the ten thousands digit of 125771?
2
What is the hundred thousands digit of 9522345?
5
What is the thousands digit of 3127108?
7
What is the thousands digit of 6071665?
1
What is the ten thousands digit of 6786723?
8
What is the thousands digit of 185582?
5
What is the hundreds digit of 15943440?
4
What is the tens digit of 745986?
8
What is the units digit of 5478385?
5
What is the thousands digit of 915403?
5
What is the ten thousands digit of 1517502?
1
What is the thousands digit of 44920?
4
What is the hundred thousands digit of 632226?
6
What is the millions digit of 3699596?
3
What is the ten thousands digit of 3006696?
0
What is the hundreds digit of 5949868?
8
What is the tens digit of 432789?
8
What is the thousands digit of 10074759?
4
What is the hundred thousands digit of 2152922?
1
What is the hundred thousands digit of 3348018?
3
What is the thousands digit of 424347?
4
What is the units digit of 3381820?
0
What is the tens digit of 16435552?
5
What is the ten thousands digit of 1629081?
2
What is the ten thousands digit of 6914606?
1
What is the thousands digit of 211978?
1
What is the hundreds digit of 559337?
3
What is the tens digit of 437941?
4
What is the tens digit of 4376351?
5
What is the tens digit of 304265?
6
What is the units digit of 2722640?
0
What is the units digit of 252165?
5
What is the millions digit of 6929159?
6
What is the thousands digit of 893225?
3
What is the hundred thousands digit of 19906428?
9
What is the hundreds digit of 60378?
3
What is the hundred thousands digit of 8844376?
8
What is the hundred thousands digit of 1041870?
0
What is the tens digit of 470049?
4
What is the hundreds digit of 5253700?
7
What is the units digit of 16933576?
6
What is the millions digit of 26532499?
6
What is the thousands digit of 178639?
8
What is the ten thousands digit of 4884391?
8
What is the thousands digit of 3748868?
8
What is the thousands digit of 135959?
5
What is the hundreds digit of 14121297?
2
What is the tens digit of 16378533?
3
What is the millions digit of 5077201?
5
What is the hundred thousands digit of 1425674?
4
What is the ten thousands digit of 21204537?
0
What is the ten thousands digit of 739653?
3
What is the units digit of 598994?
4
What is the ten thousands digit of 327902?
2
What is the hundreds digit of 3130373?
3
What is the units digit of 175318?
8
What is the units digit of 4445167?
7
What is the hundred thousands digit of 433365?
4
What is the tens digit of 113147?
4
What is the hundreds digit of 16987803?
8
What is the units digit of 1148239?
9
What is the ten thousands digit of 2067856?
6
What is the thousands digit of 2997172?
7
What is the millions digit of 10981525?
0
What is the hundred thousands digit of 551034?
5
What is the hundred thousands digit of 997458?
9
What is the thousands digit of 785635?
5
What is the hundred thousands digit of 567003?
5
What is the hundred thousands digit of 5322217?
3
What is the hun